*4 + 11/3*y**3 - 1 + 8*y - 5*y**2. What is the units digit of j(10)?
8
Suppose 2*l - 79 = 3*l. Let d = 112 + l. What is the units digit of d?
3
Let n = 1417 + -331. What is the tens digit of n?
8
Let r(h) = -2*h**3 + 3*h + h**3 + 19*h**2 - 6 + 0*h**3 - 19*h. What is the units digit of r(18)?
0
Suppose -2*b + 0*b - 16 = 0. Suppose 9 = -3*r, 0 = -3*o + 8*o - 2*r + 4. What is the tens digit of (23/o)/(4/b)?
2
Let r be 1 - 4 - (3 + -792). What is the units digit of r/16 + (-2)/16?
9
Let z be -3*4/(-6) + 1*3. Suppose -2*y + 662 - 18 = 4*i, -i + z*y = -139. What is the hundreds digit of i?
1
Suppose 2*n + 41 + 175 = 0. Let y = n + 195. What is the tens digit of y?
8
Let u(m) = -10*m - 42. Suppose 16 = -4*q + 4*v, 18 = -q - 3*v - 6. What is the tens digit of u(q)?
4
Let k be 14/(-77) + (-13204)/(-22). Suppose -8*x = -k + 128. What is the tens digit of x?
5
Let a = -3636 - -5437. What is the thousands digit of a?
1
Suppose f + 2 = 4. Suppose -f*i - 3*i = o - 79, 0 = -3*i - 2*o + 53. What is the tens digit of i?
1
Let y(l) be the third derivative of 7/24*l**4 + 0 + 11/6*l**3 - 1/60*l**5 + 0*l - l**2. What is the units digit of y(8)?
3
Let g be 16/(-6)*1335/(-20). Suppose 63 = -5*w + g. What is the tens digit of w?
2
Let k be 4/(-3) + (-39)/(-9). Suppose -4*f + 3 = -3*c, 6*c + 3 = -5*f + k*c. What is the tens digit of 7/(f + (-1)/(-5))?
3
Let j(f) = f**3 + f**2 - 3*f + 1. Let x be j(2). Let r = 2 + x. Suppose 6*l + 102 = r*l. What is the units digit of l?
4
Let s(g) = -g**3 - 4*g**2 + 2*g. Let n be s(-4). Let i = -4 - n. Suppose -i*v + 75 = v. What is the units digit of v?
5
Let z(q) = -2*q**2 + 9*q - 6. Let m be z(3). Let l(u) = u + 1. Let w be l(4). Suppose j + 3*s = 5*j - 41, m*s - 58 = -w*j. What is the tens digit of j?
1
Let z(n) be the second derivative of 5/6*n**3 + 0 + 8*n - 8*n**2. What is the tens digit of z(7)?
1
Let n(b) = -9*b**2 - 12 + 3 - b**3 - 2 - 12*b. What is the units digit of n(-8)?
1
Suppose o = 5*n - n - 19, 0 = -4*o - 12. Let u = 3 + 2. Suppose 3*m - 69 = -n*g + 133, -5*m = -u*g + 270. What is the units digit of g?
2
Suppose 253*l - 239*l = 11508. What is the units digit of l?
2
Let g(f) = 276*f + 193. What is the tens digit of g(4)?
9
Let m(x) = -10*x. Let d be m(1). What is the tens digit of ((24/d)/(-3))/((-46)/(-2875))?
5
Let i(k) = 2*k**3 - 8*k**2 - 12*k - 27. What is the units digit of i(7)?
3
Let d = 0 + 0. Suppose -5*j - 36 = -4*m, -m - 2*m - 2*j = -4. Suppose d*r = -m*r + 40. What is the units digit of r?
0
Let i(b) = b**2 - 6*b - 9. Let m be i(8). Suppose m*w + 145 - 362 = 0. What is the tens digit of w?
3
Let w = 13 - -3. Let q be w - 12 - 130/(-2). What is the units digit of (q/9)/((-3)/(-9))?
3
Suppose 88*s - 83*s - 190 = 0. What is the units digit of s?
8
Let h(a) = 2*a**2 - 9*a + 12. Let c be h(5). Suppose c = 3*x + 5. Let b(m) = 11*m - 2. What is the units digit of b(x)?
2
What is the hundreds digit of 426/(-4)*(640 + -16)/(-13)?
1
Let h be (287 - (-1 - -2)) + 0. Suppose 69 + h = 5*a + 5*s, 4*a + s - 290 = 0. What is the tens digit of a?
7
Let i(d) = 6*d**3 - 4*d - d - 10 + 6*d + d**2. Let n(b) = -5*b**3 + 9. Let t(g) = 4*i(g) + 5*n(g). What is the tens digit of t(4)?
2
Let y(n) = 4 + 21*n - 32*n - 3 + 2*n**2. What is the hundreds digit of y(11)?
1
Let n = -14 - -17. Suppose 4 = n*i + i. What is the tens digit of (24 - i) + (-15)/(-5)?
2
Suppose -9*d + 84 = 57. Suppose 5*w - 2*w = 3*a - 903, -d*w + 627 = 2*a. What is the hundreds digit of a?
3
What is the tens digit of 47/(6/(252/(-39)) + 1)?
5
Let j(q) = q**2 + 6*q + 7. Suppose -80 = -15*z - z. What is the tens digit of j(z)?
6
Suppose 23*c - 472 = 4956. What is the tens digit of c?
3
Suppose 12 = -2*m + 5*m. Let w(f) = -f + 3. Let j be w(m). What is the tens digit of (j - 11)/((-27)/36)?
1
Let u(a) = 143*a**2 + 35*a + 5. What is the units digit of u(-3)?
7
Let i(t) = t + 15. Let u be i(-12). Suppose 7*j + 6 = 4*j, u*j + 88 = d. What is the units digit of d?
2
What is the tens digit of (-3354)/26*(-5)/((-45)/(-48))?
8
Let k(c) = -2*c - 6. Let w be k(6). Let j be (-3)/18 - 111/w. What is the units digit of (-30)/20*(-244)/j?
1
Suppose 0 = -2*m - 0*m + 4*v + 200, 5*v = -5. Suppose t - 6*t + 2*j = -131, -m = -4*t + 5*j. What is the tens digit of t?
2
Suppose 2*x = -g - 415, -g + 2*g = 2*x - 415. Let m = -90 - g. What is the units digit of m?
5
Let q(c) = 5*c - 15. Suppose 4*k - 12 = 2*k. Let p be q(k). Let y = 22 - p. What is the units digit of y?
7
Let d be 5 + -3 + 1 + -1*3. Suppose -4*a + 13*a - 900 = d. What is the hundreds digit of a?
1
Suppose -o + c + 9 = 0, -o - 6*c + 3 = -5*c. Suppose 0 = 4*d + o - 2. What is the units digit of -4*(d + 4/(-8))?
6
Suppose 6*q = 377 + 667. What is the tens digit of q?
7
Let l(r) = -3*r - 1. Suppose 0 = 2*x - 4*x + 6. Suppose -x*c - 5 = -2. What is the units digit of l(c)?
2
Let x = 2 - -70. Suppose -3*v = x - 18. Let b = -9 - v. What is the units digit of b?
9
Let h = -33 - -89. Suppose -4*o + 90 = -o. Let t = h - o. What is the tens digit of t?
2
Let o be ((-3)/6)/((-1)/6). Suppose g = o*g. Suppose g = 5*s + f - 96, 2*f + f + 12 = 0. What is the tens digit of s?
2
Suppose 2*s - 3 = -3*f, -9 = -3*f - 0*f. Let d be (3/(-6))/(s/(-6)). What is the units digit of 1 + 8 + d + 2?
0
Let t = 25 - 20. Suppose -k + 41 = -31. Suppose k + 13 = t*b. What is the units digit of b?
7
Suppose -5*r - 5 = -0, -629 = 4*t + r. What is the units digit of (t/(-6) - 4/(-12))*6?
9
Suppose -2*p + 7 - 17 = 0, 4481 = 4*a - 5*p. What is the units digit of a?
4
Suppose -2*r - 34 = -3*r. Suppose d - v = -d + 8, 3*d - r = -4*v. What is the units digit of 1/3*(d - -15)?
7
Let m(g) = 7*g - 7. Let r be m(-3). Let b = 31 - r. Let c = -42 + b. What is the units digit of c?
7
Suppose 2*a = -4*n + a + 21, -2*n - 2*a = -12. Let j(t) = 2 - t + 13 + 3*t + n. What is the tens digit of j(17)?
5
Let x(a) = -10*a**3 - 9*a**2 - 11*a + 5. What is the hundreds digit of x(-5)?
0
Suppose -p = 2*p - 12. Let c be 21/14 - (-2)/p. Suppose 2*h + 3*t - 9 - c = 0, 4*h + 5*t - 25 = 0. What is the tens digit of h?
1
Let m = 57 - 22. Suppose 0*w + k + m = w, -4*w - k = -115. What is the tens digit of w?
3
Suppose 5*m - 9*m + 3*z + 1478 = 0, -4*m + 1474 = -5*z. What is the tens digit of m?
7
Let d(m) = -m + 1. Let c be d(-1). Let v(k) = -2*k**3 - k + 3*k**2 + 3*k**3 + c*k**2 + 1 - k**2. What is the units digit of v(-4)?
5
Suppose u = 2*b + 227 + 17, b + 3 = 0. What is the tens digit of ((-24)/(-18)*3)/(4/u)?
3
Let w(i) = i**3 - 11*i**2 + 11*i - 5. Let d be w(10). Suppose 5*x + 227 = 5*p - 23, d*p = -x + 220. What is the units digit of p?
5
Suppose -r + 358 = -4*h + 20, -2*r = 2*h - 686. What is the hundreds digit of r?
3
Let o(t) be the second derivative of 19*t**3/3 + 21*t**2/2 + 7*t. What is the hundreds digit of o(3)?
1
Suppose -19*h + 70 = 16*h. Let v be (-2)/11 - 62/22. What is the tens digit of (h - v)*15 + -3?
7
Suppose -f - 5*d = -0*d + 6, 2*f = 3*d + 14. Suppose f*n - 3*s - 814 = 2*s, 2 = s. What is the units digit of n?
6
Suppose 0 = -5*w - 0*w. Let s be (4/10)/((-6)/(-840)). Suppose -2*j = -2*a - s, w = -6*j + j + a + 132. What is the units digit of j?
6
Suppose -5*o + 5*f = 30, 2*f - 3 - 4 = o. Let z(k) = -14*k + 1. What is the tens digit of z(o)?
7
Suppose -12 = -j + 4. Let s = 29 - j. Suppose d + 4*i - s = -0, -5*d + 2*i - 1 = 0. What is the units digit of d?
1
Let n(s) = 2*s + 7. Let d be n(-5). Let t = -64 - -81. What is the tens digit of d*t/(-3) - 3?
1
Let z(a) be the third derivative of a**4/6 - a**3 + 6*a**2. Let o be z(2). Suppose -26 = o*y - 3*y. What is the tens digit of y?
2
Let d(j) = 12*j**2 + 2*j + 2. Let y be d(-4). Let p = -114 + y. What is the tens digit of p?
7
What is the tens digit of (1/2)/(7 + (-53427)/7634)?
4
Let m be (-3)/(-1) - (-4)/1. Suppose 0 = m*o - 795 - 262. What is the tens digit of o?
5
Let g be -4 + (-5425)/30 + (-2)/12. Let u = g + 373. What is the hundreds digit of u?
1
Suppose -6 + 3 = k. What is the units digit of ((-249)/(-12) + k)*4?
1
Let z be -584*5/(-10) - 2. Suppose -4*q - l + 75 = -z, -q + 85 = -l. What is the units digit of q?
0
What is the thousands digit of (-5)/(-3 - 2) + 1144?
1
Let p(s) = 4*s - s**2 - 7*s**3 + 2*s - 7*s + 6*s**3 - 3. Let h be p(-2). Let x = 10 + h. What is the tens digit of x?
1
Let j(g) = -9*g + 9. L